est common divisor of 20 and 116.
4
Calculate the highest common divisor of 242 and 52.
2
Calculate the highest common factor of 171 and 2385.
9
What is the highest common factor of 418 and 1406?
38
Calculate the highest common divisor of 749 and 214.
107
What is the highest common divisor of 3830 and 160?
10
Calculate the highest common factor of 570 and 65.
5
What is the greatest common factor of 36 and 1156?
4
Calculate the greatest common factor of 198 and 333.
9
Calculate the highest common divisor of 2227 and 1441.
131
What is the highest common factor of 3737 and 74?
37
Calculate the greatest common factor of 686 and 56.
14
What is the highest common divisor of 9 and 4761?
9
What is the greatest common factor of 1170 and 180?
90
Calculate the greatest common factor of 59 and 2537.
59
Calculate the greatest common divisor of 2400 and 555.
15
Calculate the greatest common factor of 39 and 403.
13
What is the greatest common factor of 60 and 768?
12
What is the greatest common factor of 1786 and 228?
38
Calculate the highest common divisor of 120 and 220.
20
What is the highest common divisor of 9 and 1233?
9
Calculate the greatest common factor of 378 and 11232.
54
Calculate the greatest common factor of 28 and 116.
4
Calculate the greatest common factor of 19677 and 63.
21
What is the highest common divisor of 650 and 50?
50
What is the highest common factor of 54 and 1728?
54
What is the greatest common factor of 10 and 2?
2
What is the greatest common divisor of 18 and 834?
6
Calculate the greatest common factor of 3808 and 51.
17
Calculate the highest common factor of 39 and 429.
39
What is the highest common divisor of 303 and 202?
101
Calculate the highest common divisor of 44 and 2046.
22
What is the greatest common factor of 40 and 3310?
10
What is the highest common divisor of 1835 and 15?
5
What is the highest common divisor of 1875 and 15?
15
What is the highest common divisor of 58839 and 33?
33
Calculate the greatest common divisor of 128 and 32.
32
What is the greatest common factor of 220 and 836?
44
What is the greatest common factor of 2006 and 68?
34
Calculate the highest common divisor of 36 and 64.
4
What is the highest common divisor of 130 and 611?
13
What is the greatest common divisor of 279 and 31?
31
What is the highest common factor of 53 and 1?
1
Calculate the greatest common divisor of 20 and 50.
10
What is the highest common factor of 364 and 143?
13
Calculate the greatest common factor of 551 and 38.
19
What is the highest common factor of 105 and 350?
35
What is the greatest common factor of 3007 and 4462?
97
Calculate the highest common divisor of 1078 and 88.
22
Calculate the highest common factor of 128 and 744.
8
Calculate the greatest common divisor of 38 and 133.
19
What is the greatest common factor of 70 and 315?
35
What is the greatest common divisor of 13 and 221?
13
What is the highest common factor of 48664 and 11?
11
Calculate the highest common divisor of 108 and 12.
12
What is the highest common factor of 680 and 544?
136
What is the highest common factor of 22 and 121?
11
What is the greatest common factor of 136 and 1377?
17
Calculate the highest common factor of 531 and 236.
59
What is the highest common factor of 3675 and 300?
75
What is the highest common divisor of 135 and 15?
15
What is the greatest common factor of 3728 and 64?
16
Calculate the greatest common divisor of 7 and 469.
7
What is the highest common divisor of 14 and 50?
2
Calculate the greatest common factor of 90 and 4530.
30
What is the greatest common divisor of 70 and 182?
14
Calculate the greatest common divisor of 8797 and 38.
19
Calculate the highest common divisor of 1178 and 186.
62
What is the greatest common divisor of 385 and 35?
35
Calculate the greatest common divisor of 945 and 105.
105
Calculate the greatest common divisor of 2 and 9.
1
Calculate the highest common divisor of 12 and 108.
12
Calculate the greatest common divisor of 26 and 2.
2
What is the highest common divisor of 7 and 189?
7
Calculate the highest common divisor of 273 and 399.
21
What is the greatest common factor of 75 and 285?
15
What is the highest common factor of 1152 and 72?
72
Calculate the greatest common divisor of 21 and 156.
3
What is the highest common divisor of 68 and 391?
17
What is the greatest common divisor of 4 and 19?
1
Calculate the greatest common factor of 68 and 2788.
68
What is the greatest common factor of 301 and 28?
7
What is the highest common divisor of 1219 and 92?
23
Calculate the greatest common factor of 9681 and 21.
21
What is the highest common divisor of 2106 and 18?
18
What is the greatest common factor of 1196 and 276?
92
What is the greatest common factor of 171 and 18?
9
What is the greatest common divisor of 56 and 3430?
14
What is the highest common factor of 1265 and 920?
115
Calculate the greatest common divisor of 4 and 556.
4
What is the highest common factor of 3488 and 763?
109
Calculate the greatest common factor of 438 and 2.
2
What is the greatest common divisor of 294 and 49?
49
Calculate the highest common divisor of 183 and 6283.
61
What is the highest common factor of 915 and 61?
61
Calculate the greatest common divisor of 507 and 39.
39
What is the highest common factor of 12 and 17868?
12
What is the highest common divisor of 2192 and 80?
16
Calculate the greatest common factor of 323 and 19.
19
Calculate the highest common factor of 78 and 156.
78
Calculate the greatest common divisor of 1519 and 17577.
217
What is the greatest common divisor of 3 and 93?
3
What is the greatest common divisor of 9725 and 75?
25
What is the highest common divisor of 80 and 1960?
40
What is the greatest common divisor of 3968 and 1600?
64
What is the highest common factor of 27873 and 114?
57
Calculate the highest common divisor of 204 and 1258.
34
What is the highest common factor of 95 and 2736?
19
Calculate the greatest common factor of 72 and 288.
72
What is the highest common divisor of 34 and 102?
34
Calculate the highest common factor of 9177 and 532.
133
Calculate the greatest common divisor of 360 and 2250.
90
What is the greatest common divisor of 51 and 81?
3
What is the highest common factor of 19618 and 34?
34
What is the greatest common factor of 3045 and 70?
35
Calculate the highest common factor of 7259 and 952.
119
What is the greatest common divisor of 44 and 352?
44
What is the greatest common factor of 100 and 175?
25
What is the greatest common divisor of 126 and 1302?
42
Calculate the greatest common divisor of 992 and 1085.
31
What is the highest common factor of 110 and 44?
22
Calculate the greatest common divisor of 4 and 428.
4
What is the greatest common factor of 472 and 885?
59
Calculate the greatest common divisor of 123 and 5617.
41
Calculate the highest common factor of 8078 and 14.
14
What is the highest common factor of 34 and 88?
2
Calculate the greatest common divisor of 606 and 2626.
202
What is the highest common factor of 84 and 2?
2
Calculate the highest common divisor of 74 and 14.
2
Calculate the greatest common divisor of 20 and 172.
4
Calculate the highest common factor of 24 and 54.
6
What is the greatest common factor of 26 and 3926?
26
What is the highest common factor of 12 and 5124?
12
Calculate the greatest common divisor of 4 and 1348.
4
What is the greatest common factor of 377 and 29?
29
Calculate the greatest common factor of 30 and 320.
10
Calculate the greatest common factor of 5730 and 120.
30
Calculate the greatest common factor of 22 and 1925.
11
What is the highest common factor of 2145 and 880?
55
Calculate the greatest common factor of 65 and 480.
5
What is the highest common divisor of 22 and 22?
22
Calculate the greatest common factor of 15086 and 1191.
397
What is the greatest common divisor of 171 and 2451?
57
What is the greatest common factor of 6623 and 37?
37
What is the highest common divisor of 66 and 9?
3
Calculate the greatest common divisor of 6 and 5220.
6
Calculate the highest common divisor of 10 and 5990.
10
What is the greatest common divisor of 253 and 264?
11
Calculate the greatest common divisor of 220 and 2156.
44
Calculate the greatest common divisor of 1539 and 171.
171
Calculate the greatest common divisor of 